81?
1
What is the millions digit of 1722976262?
2
What is the units digit of 341037047?
7
What is the hundreds digit of 476378941?
9
What is the millions digit of 70088713?
0
What is the ten millions digit of 253711957?
5
What is the ten thousands digit of 1705496081?
9
What is the tens digit of 77300066?
6
What is the hundred millions digit of 436393708?
4
What is the units digit of 401319545?
5
What is the tens digit of 199375721?
2
What is the thousands digit of 13098367?
8
What is the tens digit of 952176550?
5
What is the ten millions digit of 239800948?
3
What is the millions digit of 112454413?
2
What is the millions digit of 44366532?
4
What is the millions digit of 2719931807?
9
What is the ten millions digit of 347901649?
4
What is the hundred thousands digit of 546488056?
4
What is the millions digit of 46984465?
6
What is the hundred millions digit of 133724637?
1
What is the ten millions digit of 2116641854?
1
What is the ten thousands digit of 99668955?
6
What is the tens digit of 107688272?
7
What is the tens digit of 3640103920?
2
What is the units digit of 1406753676?
6
What is the units digit of 4659014329?
9
What is the hundred thousands digit of 344656848?
6
What is the ten millions digit of 32538163?
3
What is the millions digit of 148309860?
8
What is the units digit of 4661305980?
0
What is the thousands digit of 349514001?
4
What is the units digit of 453934627?
7
What is the ten millions digit of 243486233?
4
What is the millions digit of 1186949535?
6
What is the ten millions digit of 200058644?
0
What is the tens digit of 156336700?
0
What is the hundred thousands digit of 3616975785?
9
What is the millions digit of 105706903?
5
What is the ten millions digit of 941424878?
4
What is the tens digit of 10663808?
0
What is the ten millions digit of 4811644449?
1
What is the thousands digit of 71756590?
6
What is the hundred thousands digit of 95019301?
0
What is the tens digit of 194556021?
2
What is the thousands digit of 1808119007?
9
What is the millions digit of 77269965?
7
What is the thousands digit of 3078069967?
9
What is the thousands digit of 269161819?
1
What is the units digit of 85652652?
2
What is the units digit of 17566011?
1
What is the millions digit of 1871859019?
1
What is the thousands digit of 2955755019?
5
What is the thousands digit of 51413811?
3
What is the thousands digit of 213662173?
2
What is the units digit of 58520585?
5
What is the ten millions digit of 595446866?
9
What is the hundred millions digit of 574126234?
5
What is the tens digit of 17566476?
7
What is the hundred millions digit of 174032387?
1
What is the hundreds digit of 6492457?
4
What is the tens digit of 5591520169?
6
What is the units digit of 87341614?
4
What is the millions digit of 78148371?
8
What is the tens digit of 631587956?
5
What is the tens digit of 1628389055?
5
What is the units digit of 86615648?
8
What is the hundred thousands digit of 861059220?
0
What is the ten thousands digit of 7676548?
7
What is the units digit of 134792107?
7
What is the hundreds digit of 274434690?
6
What is the tens digit of 877529922?
2
What is the units digit of 372450561?
1
What is the ten thousands digit of 72774994?
7
What is the hundred thousands digit of 29303445?
3
What is the units digit of 91966663?
3
What is the thousands digit of 248359494?
9
What is the tens digit of 17613931?
3
What is the tens digit of 238416574?
7
What is the ten thousands digit of 435356312?
5
What is the hundred millions digit of 293756732?
2
What is the thousands digit of 158468594?
8
What is the units digit of 541487696?
6
What is the hundred thousands digit of 613814075?
8
What is the units digit of 2609384097?
7
What is the hundreds digit of 1277993028?
0
What is the ten thousands digit of 123189597?
8
What is the units digit of 501086369?
9
What is the thousands digit of 580868016?
8
What is the hundred thousands digit of 595595201?
5
What is the ten millions digit of 92563087?
9
What is the hundred millions digit of 107480628?
1
What is the hundreds digit of 144590991?
9
What is the thousands digit of 150288312?
8
What is the thousands digit of 1933727226?
7
What is the ten thousands digit of 700591900?
9
What is the hundred millions digit of 184352407?
1
What is the hundred millions digit of 1277935243?
2
What is the ten millions digit of 21152704?
2
What is the thousands digit of 565274178?
4
What is the hundred thousands digit of 949112504?
1
What is the ten millions digit of 2728167589?
2
What is the tens digit of 28090107?
0
What is the hundred millions digit of 1658694416?
6
What is the tens digit of 44343051?
5
What is the billions digit of 1239942300?
1
What is the millions digit of 3115842471?
5
What is the millions digit of 380748297?
0
What is the tens digit of 35365930?
3
What is the units digit of 4298125?
5
What is the ten millions digit of 3581627007?
8
What is the millions digit of 32899348?
2
What is the hundreds digit of 367892207?
2
What is the ten thousands digit of 310225470?
2
What is the ten millions digit of 186554720?
8
What is the hundreds digit of 52907954?
9
What is the millions digit of 407752494?
7
What is the units digit of 162756763?
3
What is the millions digit of 4096329890?
6
What is the ten thousands digit of 8416239?
1
What is the millions digit of 4570227824?
0
What is the millions digit of 40733143?
0
What is the thousands digit of 442207536?
7
What is the units digit of 1974509712?
2
What is the hundreds digit of 2445744057?
0
What is the tens digit of 8895660?
6
What is the hundreds digit of 279219055?
0
What is the ten millions digit of 115543497?
1
What is the tens digit of 387919611?
1
What is the ten thousands digit of 3281809820?
0
What is the hundreds digit of 37705872?
8
What is the thousands digit of 2816467084?
7
What is the millions digit of 46859671?
6
What is the tens digit of 4305831375?
7
What is the ten millions digit of 2336995448?
3
What is the hundreds digit of 18933758?
7
What is the thousands digit of 179255462?
5
What is the tens digit of 3654823582?
8
What is the units digit of 142120485?
5
What is the hundreds digit of 776048173?
1
What is the hundred thousands digit of 47388815?
3
What is the units digit of 3174951257?
7
What is the tens digit of 142308837?
3
What is the ten thousands digit of 178657421?
5
What is the units digit of 1972371274?
4
What is the tens digit of 338870788?
8
What is the units digit of 239039560?
0
What is the millions digit of 307333328?
7
What is the millions digit of 559512011?
9
What is the ten millions digit of 47680416?
4
What is the hundreds digit of 20522729?
7
What is the hundred thousands digit of 4609139832?
1
What is the millions digit of 21753827?
1
What is the thousands digit of 5594201104?
1
What is the millions digit of 20502923?
0
What is the tens digit of 80154558?
5
What is the ten millions digit of 61222595?
6
What is the ten millions digit of 547567419?
4
What is the hundred thousands digit of 68264439?
2
What is the hundreds digit of 95004673?
6
What is the thousands digit of 204295605?
5
What is the thousands digit of 1800163675?
3
What is the ten millions digit of 6616525754?
1
What is the millions digit of 63385429?
3
What is the hundred thousands digit of 939225531?
2
What is the hundred millions digit of 123094040?
1
What is the hundred millions digit of 792143395?
7
What is the billions digit of 2730868374?
2
What is the hundred thousands digit of 28702604?
7
What is the ten millions digit of 801458793?
0
What is the thousands digit of 39208748?
8
What is the ten millions digit of 472382537?
7
What is the ten thousands digit of 3977940451?
4
What is the thousands digit of 64103558?
3
What is the hundred thousands digit of 212355823?
3
What is the hundred millions digit of 170829037?
1
What is the millions digit of 227203007?
7
What is the ten millions digit of 45666250?
4
What is the tens digit of 157911574?
7
What is the ten thousands digit of 542195?
4
What is the hundreds digit of 354905422?
4
What is the ten thousands digit of 2754916299?
1
What is the tens digit of 505187373?
7
What is the thousands digit of 694473123?
3
What is the hundreds digit of 3307349740?
7
What is the units digit of 6864636674?
4
What is th